
What is the hundred thousands digit of 189296812?
2
What is the units digit of 347132661?
1
What is the ten millions digit of 1264163193?
6
What is the billions digit of 8082126472?
8
What is the hundreds digit of 2068207151?
1
What is the thousands digit of 874903853?
3
What is the hundred thousands digit of 111702274?
7
What is the millions digit of 795692243?
5
What is the tens digit of 2693482813?
1
What is the thousands digit of 385010317?
0
What is the units digit of 228423915?
5
What is the ten millions digit of 859694881?
5
What is the ten millions digit of 175067488?
7
What is the hundred thousands digit of 265353190?
3
What is the ten millions digit of 102318451?
0
What is the ten thousands digit of 88488942?
8
What is the thousands digit of 52538996?
8
What is the ten millions digit of 263346579?
6
What is the units digit of 1495073795?
5
What is the units digit of 2688160348?
8
What is the units digit of 5344823?
3
What is the units digit of 2881906639?
9
What is the thousands digit of 590720610?
0
What is the millions digit of 282875222?
2
What is the tens digit of 1713934568?
6
What is the hundreds digit of 15937391?
3
What is the hundreds digit of 4667914337?
3
What is the hundreds digit of 135630898?
8
What is the hundreds digit of 14751146?
1
What is the units digit of 6736021350?
0
What is the ten millions digit of 1156189263?
5
What is the millions digit of 2288768916?
8
What is the hundred millions digit of 4538802476?
5
What is the hundreds digit of 99594202?
2
What is the ten millions digit of 417995420?
1
What is the thousands digit of 1176791039?
1
What is the ten thousands digit of 806572134?
7
What is the thousands digit of 83823001?
3
What is the hundreds digit of 3360619654?
6
What is the hundreds digit of 294982674?
6
What is the millions digit of 124060998?
4
What is the hundreds digit of 2074851308?
3
What is the ten millions digit of 1057796783?
5
What is the thousands digit of 302093450?
3
What is the tens digit of 215408735?
3
What is the tens digit of 8345794?
9
What is the thousands digit of 8988884241?
4
What is the thousands digit of 4054738426?
8
What is the millions digit of 1365371771?
5
What is the tens digit of 150587443?
4
What is the hundred thousands digit of 280419121?
4
What is the hundred thousands digit of 123840716?
8
What is the units digit of 25032256?
6
What is the billions digit of 1290930034?
1
What is the ten millions digit of 527274394?
2
What is the units digit of 237008397?
7
What is the hundreds digit of 5791075494?
4
What is the ten thousands digit of 1801071660?
7
What is the hundreds digit of 69905233?
2
What is the millions digit of 617390703?
7
What is the thousands digit of 69363038?
3
What is the units digit of 110455860?
0
What is the hundred thousands digit of 390088876?
0
What is the ten thousands digit of 13957334?
5
What is the ten millions digit of 98549612?
9
What is the hundred thousands digit of 66554257?
5
What is the thousands digit of 201290089?
0
What is the ten millions digit of 1603596287?
0
What is the hundred thousands digit of 263870805?
8
What is the ten thousands digit of 707815483?
1
What is the units digit of 1306614546?
6
What is the units digit of 44432033?
3
What is the tens digit of 446628647?
4
What is the millions digit of 673570908?
3
What is the ten millions digit of 259413029?
5
What is the ten thousands digit of 132725718?
2
What is the millions digit of 2655502272?
5
What is the units digit of 9913842?
2
What is the units digit of 87542497?
7
What is the units digit of 5637421080?
0
What is the tens digit of 152444241?
4
What is the millions digit of 53073673?
3
What is the units digit of 3575217003?
3
What is the millions digit of 1635074525?
5
What is the units digit of 556890562?
2
What is the thousands digit of 113078677?
8
What is the hundreds digit of 1209173530?
5
What is the units digit of 476894942?
2
What is the hundreds digit of 69288452?
4
What is the thousands digit of 1127389417?
9
What is the millions digit of 325604345?
5
What is the thousands digit of 234125537?
5
What is the thousands digit of 404585970?
5
What is the units digit of 989170175?
5
What is the units digit of 904753390?
0
What is the hundred thousands digit of 32674023?
6
What is the hundred millions digit of 122462760?
1
What is the millions digit of 27873477?
7
What is the thousands digit of 560592300?
2
What is the tens digit of 1045510052?
5
What is the hundred thousands digit of 3068075618?
0
What is the hundreds digit of 63903927?
9
What is the billions digit of 2096677838?
2
What is the hundred thousands digit of 18471619?
4
What is the hundred thousands digit of 295587729?
5
What is the millions digit of 832376948?
2
What is the millions digit of 856080366?
6
What is the millions digit of 127568593?
7
What is the units digit of 59690934?
4
What is the millions digit of 584835134?
4
What is the ten thousands digit of 114591640?
9
What is the hundred millions digit of 1143610772?
1
What is the ten millions digit of 1566747214?
6
What is the ten thousands digit of 1359769812?
6
What is the millions digit of 15833872?
5
What is the millions digit of 478131955?
8
What is the hundred thousands digit of 252386156?
3
What is the ten millions digit of 531123333?
3
What is the hundreds digit of 2775997555?
5
What is the hundreds digit of 32403362?
3
What is the ten millions digit of 168964489?
6
What is the units digit of 1295947579?
9
What is the tens digit of 753411893?
9
What is the millions digit of 592891616?
2
What is the units digit of 83282997?
7
What is the tens digit of 1586332839?
3
What is the hundreds digit of 1081120155?
1
What is the thousands digit of 142234761?
4
What is the thousands digit of 6580789433?
9
What is the thousands digit of 197446153?
6
What is the millions digit of 183997628?
3
What is the hundred thousands digit of 254750524?
7
What is the ten thousands digit of 649790104?
9
What is the hundred thousands digit of 3292657694?
6
What is the tens digit of 3182969203?
0
What is the millions digit of 60246366?
0
What is the millions digit of 458135096?
8
What is the thousands digit of 191298703?
8
What is the thousands digit of 3925928059?
8
What is the thousands digit of 2291595576?
5
What is the millions digit of 277918271?
7
What is the millions digit of 46806822?
6
What is the ten millions digit of 310778276?
1
What is the tens digit of 1762184760?
6
What is the units digit of 815119340?
0
What is the tens digit of 862592239?
3
What is the millions digit of 978490178?
8
What is the ten millions digit of 106965637?
0
What is the hundreds digit of 185392965?
9
What is the millions digit of 3387083447?
7
What is the thousands digit of 58682528?
2
What is the units digit of 3217277143?
3
What is the tens digit of 57593875?
7
What is the ten thousands digit of 80235078?
3
What is the units digit of 351082752?
2
What is the hundreds digit of 67650180?
1
What is the units digit of 200085700?
0
What is the millions digit of 30245518?
0
What is the tens digit of 75259180?
8
What is the millions digit of 368867818?
8
What is the tens digit of 921422761?
6
What is the millions digit of 219204469?
9
What is the hundred thousands digit of 1529657314?
6
What is the hundreds digit of 5320954554?
5
What is the millions digit of 162134362?
2
What is the hundred millions digit of 846949203?
8
What is the ten thousands digit of 568363849?
6
What is the ten millions digit of 172412850?
7
What is the billions digit of 1392295728?
1
What is the ten thousands digit of 1224694229?
9
What is the millions digit of 201522064?
1
What is the ten thousands digit of 7935228377?
2
What is the ten thousands digit of 9764222?
6
What is the ten millions digit of 133828613?
3
What is the hundred thousands digit of 109562852?
5
What is the thousands digit of 108891065?
1
What is the units digit of 630470548?
8
What is the hundred millions digit of 653305774?
6
What is the tens digit of 4894442609?
0
What is the units digit of 2159904878?
8
What is the millions digit of 37836730?
7
What is the thousands digit of 18150095?
0
What is the tens digit of 4015816097?
9
What is the millions digit of 1213499119?
3
What is the units digit of 2762629631?
1
What is the units d